{"id":511,"date":"2020-01-17T14:22:48","date_gmt":"2020-01-17T13:22:48","guid":{"rendered":"http:\/\/therapie-und-reiten.de\/?page_id=511"},"modified":"2020-02-21T16:34:49","modified_gmt":"2020-02-21T15:34:49","slug":"therapeutisches-reiten","status":"publish","type":"page","link":"https:\/\/therapie-und-reiten.de\/?page_id=511","title":{"rendered":"Therapeutisches Reiten"},"content":{"rendered":"<p>[et_pb_section fb_built=&#8220;1&#8243; _builder_version=&#8220;3.27.4&#8243; background_color=&#8220;rgba(0,72,114,0.68)&#8220; background_image=&#8220;http:\/\/therapie-und-reiten.de\/wp-content\/uploads\/2020\/02\/200202_Banner_1920x150_kleiner_40prozent-GOLD.jpg&#8220; parallax=&#8220;on&#8220; max_height=&#8220;200px&#8220; custom_padding=&#8220;0px||9px|||&#8220; fb_built=&#8220;1&#8243; _i=&#8220;0&#8243; _address=&#8220;0&#8243;][et_pb_row _builder_version=&#8220;3.27.4&#8243; min_height=&#8220;109px&#8220; custom_padding=&#8220;31px||20px|||&#8220; _i=&#8220;0&#8243; _address=&#8220;0.0&#8243;][et_pb_column type=&#8220;4_4&#8243; _builder_version=&#8220;3.27.4&#8243; _i=&#8220;0&#8243; _address=&#8220;0.0.0&#8243;][et_pb_text _builder_version=&#8220;3.27.4&#8243; text_font=&#8220;|700||on|||||&#8220; text_text_color=&#8220;#2d2d2c&#8220; text_font_size=&#8220;34px&#8220; text_line_height=&#8220;1.75em&#8220; background_color=&#8220;#1f5472&#8243; border_width_all=&#8220;1px&#8220; border_color_all=&#8220;#fcbf2c&#8220; border_style_all=&#8220;double&#8220; width=&#8220;105%&#8220; module_alignment=&#8220;center&#8220; _i=&#8220;0&#8243; _address=&#8220;0.0.0.0&#8243;]<\/p>\n<p style=\"text-align: center;\"><span style=\"color: #fcbf2c; font-size: x-large;\">Therapeutisches Reiten<\/span><\/p>\n<p>[\/et_pb_text][\/et_pb_column][\/et_pb_row][\/et_pb_section][et_pb_section fb_built=&#8220;1&#8243; _builder_version=&#8220;3.27.4&#8243; fb_built=&#8220;1&#8243; _i=&#8220;1&#8243; _address=&#8220;1&#8243;][et_pb_row column_structure=&#8220;1_3,1_3,1_3&#8243; _builder_version=&#8220;3.27.4&#8243; _i=&#8220;0&#8243; _address=&#8220;1.0&#8243;][et_pb_column type=&#8220;1_3&#8243; _builder_version=&#8220;3.27.4&#8243; _i=&#8220;0&#8243; _address=&#8220;1.0.0&#8243;][\/et_pb_column][et_pb_column type=&#8220;1_3&#8243; _builder_version=&#8220;3.27.4&#8243; _i=&#8220;1&#8243; _address=&#8220;1.0.1&#8243;][et_pb_video src=&#8220;http:\/\/therapie-und-reiten.de\/wp-content\/uploads\/2020\/02\/WhatsApp-Video-2020-02-02-at-19.25.31.mp4&#8243; _builder_version=&#8220;3.27.4&#8243; _i=&#8220;0&#8243; _address=&#8220;1.0.1.0&#8243;][\/et_pb_video][\/et_pb_column][et_pb_column type=&#8220;1_3&#8243; _builder_version=&#8220;3.27.4&#8243; _i=&#8220;2&#8243; _address=&#8220;1.0.2&#8243;][\/et_pb_column][\/et_pb_row][\/et_pb_section][et_pb_section fb_built=&#8220;1&#8243; admin_label=&#8220;Section&#8220; _builder_version=&#8220;3.27.4&#8243; background_color=&#8220;#ffffff&#8220; custom_padding=&#8220;0|0px|0px|0px&#8220; fb_built=&#8220;1&#8243; _i=&#8220;2&#8243; _address=&#8220;2&#8243;][et_pb_row use_custom_gutter=&#8220;on&#8220; gutter_width=&#8220;1&#8243; make_equal=&#8220;on&#8220; module_class=&#8220; et_pb_row_fullwidth&#8220; _builder_version=&#8220;3.27.4&#8243; width=&#8220;100%&#8220; width_tablet=&#8220;100%&#8220; width_last_edited=&#8220;on|phone&#8220; max_width=&#8220;100%&#8220; max_width_tablet=&#8220;100%&#8220; max_width_last_edited=&#8220;on|desktop&#8220; custom_padding=&#8220;0|0px|1px|0px||&#8220; make_fullwidth=&#8220;on&#8220; _i=&#8220;0&#8243; _address=&#8220;2.0&#8243;][et_pb_column type=&#8220;4_4&#8243; _builder_version=&#8220;3.25&#8243; custom_padding=&#8220;|||&#8220; custom_css_main_element=&#8220;padding: 50px;&#8220; custom_css_main=&#8220;padding: 50px;&#8220; _i=&#8220;0&#8243; _address=&#8220;2.0.0&#8243; custom_padding__hover=&#8220;|||&#8220;][et_pb_testimonial author=&#8220;Konfuzius&#8220; quote_icon_color=&#8220;#fcbf2c&#8220; quote_icon_background_color=&#8220;#1f5472&#8243; _builder_version=&#8220;3.27.4&#8243; body_font=&#8220;|700|||||||&#8220; body_text_color=&#8220;#1f5472&#8243; body_font_size=&#8220;16px&#8220; author_font=&#8220;|700||||on|||&#8220; author_font_size=&#8220;17px&#8220; background_color=&#8220;rgba(252,191,44,0.71)&#8220; text_orientation=&#8220;center&#8220; custom_padding=&#8220;||23px|||&#8220; text_shadow_style=&#8220;preset1&#8243; text_shadow_color=&#8220;rgba(0,0,0,0)&#8220; _i=&#8220;0&#8243; _address=&#8220;2.0.0.0&#8243;]<\/p>\n<p>Sage es mir \u2014 ich werde es vergessen<\/p>\n<p class=\"aLF-aPX-K0-aPE\">Erkl\u00e4re es mir \u2014 ich werde mich erinnern<\/p>\n<p class=\"aLF-aPX-K0-aPE\">Lass es mich selber tun \u2014 ich werde verstehen!<\/p>\n<p>[\/et_pb_testimonial][et_pb_text quote_border_color=&#8220;#1f5472&#8243; _builder_version=&#8220;3.27.4&#8243; text_font=&#8220;||||||||&#8220; text_text_color=&#8220;#2d2d2c&#8220; text_font_size=&#8220;15px&#8220; quote_font=&#8220;|700|||||||&#8220; quote_text_align=&#8220;left&#8220; quote_text_color=&#8220;#fcbf2c&#8220; header_font=&#8220;Lato|||on|||||&#8220; header_text_color=&#8220;#2d2d2c&#8220; background_layout=&#8220;dark&#8220; custom_padding=&#8220;||21px|||&#8220; _i=&#8220;1&#8243; _address=&#8220;2.0.0.1&#8243;]<\/p>\n<blockquote><\/blockquote>\n<p class=\"aLF-aPX-K0-aPE\" style=\"text-align: left;\">Wir arbeiten mit Menschen aller Altersgruppen und Hintergr\u00fcnde, wobei wir gro\u00dfen Wert auf ein harmonisches und heilsames Miteinander zwischen Mensch und Pferd legen.<\/p>\n<p class=\"aLF-aPX-K0-aPE\" style=\"text-align: left;\">Es stehen eine <strong>Aufstiegsrampe,<\/strong>\u00a0<strong>bestens ausgebildete Therapiepferde,<\/strong>\u00a0ein <strong>Reitplatz<\/strong>, eine <strong>Rundhalle<\/strong> und unser\u00a0<strong>idyllisch gelegener Bayerischer Wald<\/strong>\u00a0zur Verf\u00fcgung.<\/p>\n<p class=\"aLF-aPX-K0-aPE\" style=\"text-align: left;\">Wenn Sie mehr Information zu unserem therapeutischen Angebot ben\u00f6tigen, kontaktieren Sie uns gerne.<\/p>\n<p>[\/et_pb_text][et_pb_button button_url=&#8220;@ET-DC@eyJkeW5hbWljIjp0cnVlLCJjb250ZW50IjoicG9zdF9saW5rX3VybF9wYWdlIiwic2V0dGluZ3MiOnsicG9zdF9pZCI6IjMwOCJ9fQ==@&#8220; button_text=&#8220;Kontakt&#8220; button_alignment=&#8220;center&#8220; disabled_on=&#8220;off|off|off&#8220; _builder_version=&#8220;3.27.4&#8243; _dynamic_attributes=&#8220;button_url&#8220; custom_button=&#8220;on&#8220; button_text_color=&#8220;#fcbf2c&#8220; button_bg_color=&#8220;#1f5472&#8243; button_font=&#8220;|||on|||||&#8220; locked=&#8220;off&#8220; _i=&#8220;2&#8243; _address=&#8220;2.0.0.2&#8243; button_bg_enable_color=&#8220;on&#8220;][\/et_pb_button][\/et_pb_column][\/et_pb_row][\/et_pb_section][et_pb_section fb_built=&#8220;1&#8243; _builder_version=&#8220;3.27.4&#8243; custom_margin=&#8220;-51px|||||&#8220; fb_built=&#8220;1&#8243; _i=&#8220;3&#8243; _address=&#8220;3&#8243;][et_pb_row use_custom_gutter=&#8220;on&#8220; gutter_width=&#8220;1&#8243; _builder_version=&#8220;3.27.4&#8243; border_color_all=&#8220;rgba(0,0,0,0)&#8220; width=&#8220;100%&#8220; module_alignment=&#8220;center&#8220; custom_padding=&#8220;0px|||||&#8220; hover_enabled=&#8220;0&#8243; _i=&#8220;0&#8243; _address=&#8220;3.0&#8243;][et_pb_column type=&#8220;4_4&#8243; _builder_version=&#8220;3.27.4&#8243; _i=&#8220;0&#8243; _address=&#8220;3.0.0&#8243;][et_pb_accordion open_toggle_background_color=&#8220;rgba(0,0,0,0)&#8220; _builder_version=&#8220;3.27.4&#8243; border_color_all=&#8220;rgba(0,0,0,0)&#8220; custom_margin=&#8220;-18px|||||&#8220; hover_enabled=&#8220;0&#8243; _i=&#8220;0&#8243; _address=&#8220;3.0.0.0&#8243;][et_pb_accordion_item title=&#8220;Reiten als Gesundheitssport&#8220; open=&#8220;off&#8220; open_toggle_text_color=&#8220;#fcbf2c&#8220; open_toggle_background_color=&#8220;rgba(0,0,0,0)&#8220; closed_toggle_text_color=&#8220;#2d2d2c&#8220; _builder_version=&#8220;3.27.4&#8243; hover_enabled=&#8220;0&#8243; toggle_text_color=&#8220;#fcbf2c&#8220; toggle_font=&#8220;Lato|||on|||||&#8220; toggle_font_size=&#8220;19px&#8220; _i=&#8220;0&#8243; _address=&#8220;3.0.0.0.0&#8243;]<\/p>\n<p class=\"aLF-aPX-K0-aPE\"><span style=\"color: #2d2d2c;\">Sie sind neugierig und offen dem Pferd gegen\u00fcber? <\/span><\/p>\n<p class=\"aLF-aPX-K0-aPE\"><span style=\"color: #2d2d2c;\">Sie m\u00f6chten Ihren Lebensstil und ihr Wohlbefinden verbessern und wichtige Muskelgruppen st\u00e4rken? <\/span><\/p>\n<p class=\"aLF-aPX-K0-aPE\"><span style=\"color: #2d2d2c;\">Der Umgang mit dem Pferd wirkt motivierend auf uns Menschen, aktiv zu werden und zu sein und somit die Funktions- und Leistungsf\u00e4higkeit zu optimieren oder wiederherzustellen. Der Umgang mit dem Pferd wirkt sich positiv auf das Wohlbefinden und die Psyche des Menschen aus. <\/span><\/p>\n<p class=\"aLF-aPX-K0-aPE\"><span style=\"color: #2d2d2c;\">Vorkenntnisse sind nicht notwendig, dieses Training findet im Schritt auf gut ausgebildeten Therapiepferden statt.<\/span><\/p>\n<p class=\"aLF-aPX-K0-aPE\"><span style=\"color: #2d2d2c;\"><\/span><\/p>\n<table style=\"background-color: #ffffff; border-color: #ffffff; float: left;\" border=\"0\">\n<tbody>\n<tr style=\"height: 44px;\">\n<td style=\"height: 44px;\"><span style=\"color: #2d2d2c;\">Verbesserung der Beweglichkeit<\/span><\/td>\n<td style=\"height: 44px;\"><span color=\"#2d2d2c\" style=\"color: #2d2d2c;\">St\u00e4rkung der Bauch- und St\u00fctzmuskulatur<\/span><\/td>\n<\/tr>\n<tr style=\"height: 22px;\">\n<td style=\"height: 22px;\"><span style=\"color: #2d2d2c;\">Verbesserung von Fehlbelastungen des Bewegungsapparates<\/span><\/td>\n<td style=\"height: 22px;\"><span color=\"#2d2d2c\" style=\"color: #2d2d2c;\">Erh\u00f6hung der Ausdauer<\/span><\/td>\n<\/tr>\n<tr style=\"height: 22px;\">\n<td style=\"height: 22px;\"><span style=\"color: #2d2d2c;\">Wahrnehmung von Grenzen<\/span><\/td>\n<td style=\"height: 22px;\"><span color=\"#2d2d2c\" style=\"color: #2d2d2c;\">Verbesserung von Koordination und Konzentration<\/span><\/td>\n<\/tr>\n<tr style=\"height: 68px;\">\n<td style=\"height: 68px;\"><span style=\"color: #2d2d2c;\">Allgemeine Gesundheitswahrnehmung \/ Vitalit\u00e4t<\/span><\/td>\n<td style=\"height: 68px;\"><span color=\"#2d2d2c\" style=\"color: #2d2d2c;\">Steigerung des psychischen Wohlbefindens<\/span><\/td>\n<\/tr>\n<tr style=\"height: 68px;\">\n<td style=\"height: 68px;\"><span style=\"color: #2d2d2c;\">Verbesserung des Reaktionsverm\u00f6gens<\/span><\/td>\n<td style=\"height: 68px;\"><span color=\"#2d2d2c\" style=\"color: #2d2d2c;\">Verbesserung von R\u00fcckenschmerzen \/ Schmerzen bei nicht-akutem R\u00fcckenleiden<\/span><\/td>\n<\/tr>\n<tr style=\"height: 44px;\">\n<td style=\"height: 44px;\"><span style=\"color: #2d2d2c;\">Reduzierte Stressanf\u00e4lligkeiten \/ Burnout<\/span><\/td>\n<td style=\"height: 44px;\"><span color=\"#2d2d2c\" style=\"color: #2d2d2c;\">Erh\u00f6hte Widerstandsf\u00e4higkeit (Resilienz)<\/span><\/td>\n<\/tr>\n<tr style=\"height: 44px;\">\n<td style=\"height: 44px;\"><span style=\"color: #2d2d2c;\">Schwierigkeiten im Sozialverhalten<\/span><\/td>\n<td style=\"height: 44px;\"><span style=\"color: #2d2d2c;\">Geistige Behinderung<\/span><\/td>\n<\/tr>\n<\/tbody>\n<\/table>\n<p class=\"aLF-aPX-K0-aPE\"><span style=\"color: #2d2d2c;\"><\/span><\/p>\n<p class=\"aLF-aPX-K0-aPE\"><span style=\"color: #2d2d2c;\"><\/span><\/p>\n<p>[\/et_pb_accordion_item][et_pb_accordion_item title=&#8220;Heil- und Sozialp\u00e4dagogische Arbeit und Voltigieren mit dem Pferd&#8220; open_toggle_text_color=&#8220;#fcbf2c&#8220; closed_toggle_text_color=&#8220;#2d2d2c&#8220; _builder_version=&#8220;3.27.4&#8243; hover_enabled=&#8220;0&#8243; toggle_text_color=&#8220;#fcbf2c&#8220; toggle_font=&#8220;Lato|||on|||||&#8220; toggle_font_size=&#8220;19px&#8220; _i=&#8220;1&#8243; _address=&#8220;3.0.0.0.1&#8243; open=&#8220;off&#8220;]<\/p>\n<p class=\"aLF-aPX-K0-aPE\"><span style=\"color: #2d2d2c;\">Dieses Angebot ist f\u00fcr Kinder Jugendliche und Erwachsene ohne reiterliche Vorkenntnisse.<\/span><\/p>\n<p class=\"aLF-aPX-K0-aPE\"><span style=\"color: #2d2d2c;\">Es umfasst <strong>psychologische<\/strong>, <strong>psychotherapeutische<\/strong>, <strong>rehabilitative<\/strong> und <strong>sozial-integrative Ma\u00dfnahmen<\/strong>, die \u00fcber das Medium Pferd umgesetzt werden k\u00f6nnen. Der Umgang mit dem Pferd und die Bewegungen f\u00f6rdern und unters\u00fctzen den Klienten und nehmen einen positiven Einflu\u00df auf dessen Alltag. Die rhytmischen Bewegungen des Pferdes im Schritt (die dreidimensionale Bewegung des Pferdes \u00e4hnelt dem menschlichen Gang) stimuliert den Klienten auf seelischer und auf k\u00f6rperlicher Ebene.<\/span><\/p>\n<p class=\"aLF-aPX-K0-aPE\"><span style=\"color: #2d2d2c;\">Au\u00dferdem sind Pferde hervorragende Partner in der Schule des Lebens. Ihr Feedback spiegelt unsere Verhaltensweisen wieder und somit erfahren wir viel \u00fcber uns selbst und unseren K\u00f6rper. Unser Partner, das Pferd, kann als Kraftgeber und in der Entwicklung der eigenen Ressourcen einen wertvollen Beitrag in unserem Alltag leisten.<\/span><\/p>\n<p class=\"aLF-aPX-K0-aPE\"><span style=\"color: #2d2d2c;\">In der Interaktion zwischen Mensch und Tier entstehen neue Lern- und Entwicklungsprozesse. Der Umgang mit dem Pferd bedeutet Lebensfreude und Lebensqualit\u00e4t. Eine deutliche\u00a0Verbesserung ist dabei in folgenden Bereichen zu erkennen:<\/span><\/p>\n<p class=\"aLF-aPX-K0-aPE\"><span style=\"color: #2d2d2c;\"><\/span><\/p>\n<table style=\"background-color: #ffffff; border-color: #ffffff; float: left;\">\n<tbody>\n<tr>\n<td><span style=\"color: #2d2d2c;\">Raum- und Lageorientierung<\/span><\/td>\n<td><span style=\"color: #2d2d2c;\">Reflexion und Selbsterfahrung<\/span><\/td>\n<\/tr>\n<tr>\n<td><span style=\"color: #2d2d2c;\">Erfahrungslernen<\/span><\/td>\n<td><span style=\"color: #2d2d2c;\">Entfaltung pers\u00f6nlicher Poteniale<\/span><\/td>\n<\/tr>\n<tr>\n<td><span style=\"color: #2d2d2c;\">St\u00e4rkung der eigenen Identit\u00e4t<\/span><\/td>\n<td><span style=\"color: #2d2d2c;\">F\u00f6rderung des Selbstbewusstseins<\/span><\/td>\n<\/tr>\n<tr>\n<td><span style=\"color: #2d2d2c;\">Konzentration &#8211; Wahrnehmung &#8211; Koordination<\/span><\/td>\n<td><span style=\"color: #2d2d2c;\">Kommunikationsf\u00e4higkeit<\/span><\/td>\n<\/tr>\n<tr>\n<td><span style=\"color: #2d2d2c;\">Motorik und K\u00f6rperempfinden<\/span><\/td>\n<td><span style=\"color: #2d2d2c;\">Gleichgewicht \/ Balance<\/span><\/td>\n<\/tr>\n<tr>\n<td><span style=\"color: #2d2d2c;\">Motorische Defizite<\/span><\/td>\n<td><span style=\"color: #2d2d2c;\">Verhaltensbesonderheiten<\/span><\/td>\n<\/tr>\n<tr>\n<td><span style=\"color: #2d2d2c;\">Schwierigkeiten im Sozialverhalten<\/span><\/td>\n<td><span style=\"color: #2d2d2c;\">Geistige Behinderung<\/span><\/td>\n<\/tr>\n<tr>\n<td>\n<p><span style=\"color: #2d2d2c;\">Entwicklungsverz\u00f6gerungen in<\/span><\/p>\n<p><span style=\"color: #2d2d2c;\">verschiedensten Bereichen<\/span><\/p>\n<\/td>\n<td><\/td>\n<\/tr>\n<\/tbody>\n<\/table>\n<p class=\"aLF-aPX-K0-aPE\"><span style=\"color: #2d2d2c;\"><\/span><\/p>\n<p class=\"aLF-aPX-K0-aPE\"><span style=\"color: #2d2d2c;\"><\/span><\/p>\n<p>[\/et_pb_accordion_item][et_pb_accordion_item title=&#8220;Therapeutisches Reiten bei neurologischen Erkrankungen&#8220; open_toggle_text_color=&#8220;#fcbf2c&#8220; closed_toggle_text_color=&#8220;#2d2d2c&#8220; _builder_version=&#8220;3.27.4&#8243; hover_enabled=&#8220;0&#8243; toggle_text_color=&#8220;#fcbf2c&#8220; toggle_font=&#8220;Lato|||on|||||&#8220; toggle_font_size=&#8220;19px&#8220; _i=&#8220;2&#8243; _address=&#8220;3.0.0.0.2&#8243; open=&#8220;on&#8220;]<\/p>\n<p><span style=\"color: #2d2d2c;\">Bei vielen neurologischen Erkrankungen kann eine Therapie mit dem Pferd sich positiv auf den Krankheitsverlauf auswirken.\u00a0<\/span><span style=\"font-size: 14px;\">\u00a0<\/span><\/p>\n<p class=\"aLF-aPX-K0-aPE\"><span style=\"color: #2d2d2c;\">Beispiele f\u00fcr Erkrankungen, bei denen therapeutisches Reiten erwiesene Besserung \/ Linderung gezeigt hat:<\/span><\/p>\n<table style=\"border-color: #ffffff; background-color: #ffffff; float: left;\">\n<tbody>\n<tr>\n<td><span style=\"color: #2d2d2c;\">Schlaganfall<\/span><\/td>\n<td><span color=\"#2d2d2c\" style=\"color: #2d2d2c;\">Multiple Sklerose<\/span><\/td>\n<\/tr>\n<tr>\n<td><span style=\"color: #2d2d2c;\">Einschr\u00e4nkungen des St\u00fctz- und Bewegungsapparates<\/span><\/td>\n<td><span color=\"#2d2d2c\" style=\"color: #2d2d2c;\">Querschnittsl\u00e4hmung<\/span><\/td>\n<\/tr>\n<tr>\n<td><span style=\"color: #2d2d2c;\">Morbus Parkinson<\/span><\/td>\n<td><span color=\"#2d2d2c\" style=\"color: #2d2d2c;\">Neurofibromatose<\/span><\/td>\n<\/tr>\n<tr>\n<td><span style=\"color: #2d2d2c;\">Z.n. Meningitis<\/span><\/td>\n<td><span color=\"#2d2d2c\" style=\"color: #2d2d2c;\">Sch\u00e4del-Hirntrauma<\/span><\/td>\n<\/tr>\n<tr>\n<td><span style=\"color: #2d2d2c;\">Autismusspektrum<\/span><\/td>\n<td><span color=\"#2d2d2c\" style=\"color: #2d2d2c;\">Zerebrale Ataxie<\/span><\/td>\n<\/tr>\n<tr>\n<td><span style=\"color: #2d2d2c;\">Neurogene Muskelatrophien<\/span><\/td>\n<td><span color=\"#2d2d2c\" style=\"color: #2d2d2c;\">Genetische Syndrome, z.B. Down Syndrom<\/span><\/td>\n<\/tr>\n<tr>\n<td><span style=\"color: #2d2d2c;\">Spina bifida<\/span><\/td>\n<td><span color=\"#2d2d2c\" style=\"color: #2d2d2c;\">Zerebralparese<\/span><\/td>\n<\/tr>\n<\/tbody>\n<\/table>\n<p><span style=\"color: #2d2d2c;\">Wenn Sie mehr \u00fcber unsere therapeutische Arbeit bei neurologischen Erkrankungen erfahren m\u00f6chten, treten Sie gern mit uns in Kontakt.\u00a0<\/span><\/p>\n<p>[\/et_pb_accordion_item][\/et_pb_accordion][\/et_pb_column][\/et_pb_row][\/et_pb_section][et_pb_section fb_built=&#8220;1&#8243; _builder_version=&#8220;3.27.4&#8243; background_color=&#8220;rgba(0,72,114,0.68)&#8220; background_image=&#8220;http:\/\/therapie-und-reiten.de\/wp-content\/uploads\/2019\/12\/IMG-20190213-WA0017.jpg&#8220; parallax=&#8220;on&#8220; fb_built=&#8220;1&#8243; _i=&#8220;4&#8243; _address=&#8220;4&#8243;][et_pb_row _builder_version=&#8220;3.27.4&#8243; _i=&#8220;0&#8243; _address=&#8220;4.0&#8243;][et_pb_column type=&#8220;4_4&#8243; _builder_version=&#8220;3.27.4&#8243; _i=&#8220;0&#8243; _address=&#8220;4.0.0&#8243;][et_pb_testimonial author=&#8220;Sandra (Mama)&#8220; quote_icon_color=&#8220;#fcbf2c&#8220; quote_icon_background_color=&#8220;#1f5472&#8243; _builder_version=&#8220;3.27.4&#8243; body_font_size=&#8220;15px&#8220; author_font=&#8220;|700||||on|||&#8220; author_text_align=&#8220;center&#8220; author_text_color=&#8220;#2d2d2c&#8220; author_font_size=&#8220;16px&#8220; background_color=&#8220;rgba(245,245,245,0.52)&#8220; custom_padding=&#8220;||15px|||&#8220; _i=&#8220;0&#8243; _address=&#8220;4.0.0.0&#8243;]<\/p>\n<p style=\"text-align: center;\"><span color=\"#2d2d2c\" size=\"4\" style=\"color: #2d2d2c; font-size: large;\">Tom geht jetzt seit circa 1,5 Jahren zum therapeutischen Reiten. Er hat viele Fortschritte durch das Reiten und den Umgang mit dem Pferd gemacht. Seine Entwicklungsr\u00fcckst\u00e4nde, Motorik, Gleichgeweicht, Ausdauer und vor allem im Bereich Sprache wurden durch das Reiten deutlich verbessert! Tom hat eine tolle Beziehung zum Pferd aufgebaut und hat viel Spa\u00df und Freude daran!<\/span><\/p>\n<p>[\/et_pb_testimonial][\/et_pb_column][\/et_pb_row][\/et_pb_section]<\/p>\n","protected":false},"excerpt":{"rendered":"<p>[et_pb_section fb_built=&#8220;1&#8243; _builder_version=&#8220;3.27.4&#8243; background_color=&#8220;rgba(0,72,114,0.68)&#8220; background_image=&#8220;http:\/\/therapie-und-reiten.de\/wp-content\/uploads\/2020\/02\/200202_Banner_1920x150_kleiner_40prozent-GOLD.jpg&#8220; parallax=&#8220;on&#8220; max_height=&#8220;200px&#8220; custom_padding=&#8220;0px||9px|||&#8220; fb_built=&#8220;1&#8243; _i=&#8220;0&#8243; _address=&#8220;0&#8243;][et_pb_row _builder_version=&#8220;3.27.4&#8243; min_height=&#8220;109px&#8220; custom_padding=&#8220;31px||20px|||&#8220; _i=&#8220;0&#8243; _address=&#8220;0.0&#8243;][et_pb_column type=&#8220;4_4&#8243; _builder_version=&#8220;3.27.4&#8243; _i=&#8220;0&#8243; _address=&#8220;0.0.0&#8243;][et_pb_text _builder_version=&#8220;3.27.4&#8243; text_font=&#8220;|700||on|||||&#8220; text_text_color=&#8220;#2d2d2c&#8220; text_font_size=&#8220;34px&#8220; text_line_height=&#8220;1.75em&#8220; background_color=&#8220;#1f5472&#8243; border_width_all=&#8220;1px&#8220; border_color_all=&#8220;#fcbf2c&#8220; border_style_all=&#8220;double&#8220; width=&#8220;105%&#8220; [&hellip;]<\/p>\n","protected":false},"author":1,"featured_media":0,"parent":0,"menu_order":0,"comment_status":"closed","ping_status":"closed","template":"","meta":{"_et_pb_use_builder":"on","_et_pb_old_content":"","_expiration-date-status":"","_expiration-date":0,"_expiration-date-type":"","_expiration-date-categories":[],"_expiration-date-options":[]},"_links":{"self":[{"href":"https:\/\/therapie-und-reiten.de\/index.php?rest_route=\/wp\/v2\/pages\/511"}],"collection":[{"href":"https:\/\/therapie-und-reiten.de\/index.php?rest_route=\/wp\/v2\/pages"}],"about":[{"href":"https:\/\/therapie-und-reiten.de\/index.php?rest_route=\/wp\/v2\/types\/page"}],"author":[{"embeddable":true,"href":"https:\/\/therapie-und-reiten.de\/index.php?rest_route=\/wp\/v2\/users\/1"}],"replies":[{"embeddable":true,"href":"https:\/\/therapie-und-reiten.de\/index.php?rest_route=%2Fwp%2Fv2%2Fcomments&post=511"}],"version-history":[{"count":38,"href":"https:\/\/therapie-und-reiten.de\/index.php?rest_route=\/wp\/v2\/pages\/511\/revisions"}],"predecessor-version":[{"id":1274,"href":"https:\/\/therapie-und-reiten.de\/index.php?rest_route=\/wp\/v2\/pages\/511\/revisions\/1274"}],"wp:attachment":[{"href":"https:\/\/therapie-und-reiten.de\/index.php?rest_route=%2Fwp%2Fv2%2Fmedia&parent=511"}],"curies":[{"name":"wp","href":"https:\/\/api.w.org\/{rel}","templated":true}]}}