{"id":454,"date":"2020-01-16T14:32:24","date_gmt":"2020-01-16T13:32:24","guid":{"rendered":"http:\/\/therapie-und-reiten.de\/?page_id=454"},"modified":"2020-02-09T11:54:53","modified_gmt":"2020-02-09T10:54:53","slug":"reitunterricht","status":"publish","type":"page","link":"https:\/\/therapie-und-reiten.de\/?page_id=454","title":{"rendered":"Reitunterricht"},"content":{"rendered":"<p>[et_pb_section fb_built=&#8220;1&#8243; _builder_version=&#8220;3.27.4&#8243; background_color=&#8220;rgba(0,72,114,0.68)&#8220; background_image=&#8220;http:\/\/therapie-und-reiten.de\/wp-content\/uploads\/2020\/02\/200202_Banner_1920x150_kleiner_40prozent-GOLD.jpg&#8220; parallax=&#8220;on&#8220; max_height=&#8220;200px&#8220; custom_padding=&#8220;0px||9px|||&#8220; fb_built=&#8220;1&#8243; _i=&#8220;0&#8243; _address=&#8220;0&#8243;][et_pb_row _builder_version=&#8220;3.27.4&#8243; min_height=&#8220;109px&#8220; custom_padding=&#8220;31px||20px|||&#8220; _i=&#8220;0&#8243; _address=&#8220;0.0&#8243;][et_pb_column type=&#8220;4_4&#8243; _builder_version=&#8220;3.27.4&#8243; _i=&#8220;0&#8243; _address=&#8220;0.0.0&#8243;][et_pb_text _builder_version=&#8220;3.27.4&#8243; text_font=&#8220;|700||on|||||&#8220; text_text_color=&#8220;#2d2d2c&#8220; text_font_size=&#8220;30px&#8220; text_line_height=&#8220;1.75em&#8220; background_color=&#8220;#1f5472&#8243; border_width_all=&#8220;1px&#8220; border_color_all=&#8220;#fcbf2c&#8220; width=&#8220;90%&#8220; module_alignment=&#8220;center&#8220; _i=&#8220;0&#8243; _address=&#8220;0.0.0.0&#8243;]<\/p>\n<p style=\"text-align: center;\"><span style=\"color: #fcbf2c;\">Reitunterricht<\/span><\/p>\n<p>[\/et_pb_text][\/et_pb_column][\/et_pb_row][\/et_pb_section][et_pb_section fb_built=&#8220;1&#8243; fullwidth=&#8220;on&#8220; _builder_version=&#8220;3.27.4&#8243; fb_built=&#8220;1&#8243; _i=&#8220;1&#8243; _address=&#8220;1&#8243;][et_pb_fullwidth_slider arrows_custom_color=&#8220;#1f5472&#8243; dot_nav_custom_color=&#8220;#fcbf2c&#8220; _builder_version=&#8220;3.27.4&#8243; height=&#8220;500px&#8220; max_height=&#8220;1000px&#8220; custom_margin=&#8220;-1px||||false|false&#8220; custom_padding=&#8220;0px|||||&#8220; auto=&#8220;on&#8220; auto_speed=&#8220;4000&#8243; _i=&#8220;0&#8243; _address=&#8220;1.0&#8243;][et_pb_slide _builder_version=&#8220;3.27.4&#8243; background_color=&#8220;rgba(0,0,0,0)&#8220; background_enable_color=&#8220;on&#8220; background_image=&#8220;http:\/\/therapie-und-reiten.de\/wp-content\/uploads\/2020\/02\/Unterstellmoeglichkeit1.jpg&#8220; background_enable_image=&#8220;on&#8220; hover_enabled=&#8220;0&#8243; _i=&#8220;0&#8243; _address=&#8220;1.0.0&#8243;][\/et_pb_slide][et_pb_slide _builder_version=&#8220;3.27.4&#8243; background_color=&#8220;rgba(0,0,0,0)&#8220; background_enable_color=&#8220;on&#8220; background_image=&#8220;http:\/\/therapie-und-reiten.de\/wp-content\/uploads\/2020\/01\/WhatsApp-Image-2020-01-16-at-11.03.46.jpeg&#8220; background_enable_image=&#8220;on&#8220; background_position=&#8220;top_center&#8220; hover_enabled=&#8220;0&#8243; _i=&#8220;1&#8243; _address=&#8220;1.0.1&#8243;][\/et_pb_slide][et_pb_slide _builder_version=&#8220;3.27.4&#8243; background_color=&#8220;rgba(0,0,0,0)&#8220; background_enable_color=&#8220;on&#8220; background_enable_image=&#8220;off&#8220; background_position=&#8220;top_center&#8220; background_video_mp4=&#8220;http:\/\/therapie-und-reiten.de\/wp-content\/uploads\/2020\/02\/Reiten_Sonne_Schnee.mp4&#8243; background_enable_video_mp4=&#8220;on&#8220; hover_enabled=&#8220;0&#8243; _i=&#8220;2&#8243; _address=&#8220;1.0.2&#8243;][\/et_pb_slide][\/et_pb_fullwidth_slider][\/et_pb_section][et_pb_section fb_built=&#8220;1&#8243; admin_label=&#8220;Section&#8220; _builder_version=&#8220;3.27.4&#8243; background_color=&#8220;#ffffff&#8220; custom_padding=&#8220;0|0px|0px|0px&#8220; fb_built=&#8220;1&#8243; _i=&#8220;2&#8243; _address=&#8220;2&#8243;][et_pb_row use_custom_gutter=&#8220;on&#8220; gutter_width=&#8220;1&#8243; make_equal=&#8220;on&#8220; module_class=&#8220; et_pb_row_fullwidth&#8220; _builder_version=&#8220;3.27.4&#8243; width=&#8220;100%&#8220; width_tablet=&#8220;100%&#8220; width_last_edited=&#8220;on|phone&#8220; max_width=&#8220;100%&#8220; max_width_tablet=&#8220;100%&#8220; max_width_last_edited=&#8220;on|desktop&#8220; custom_padding=&#8220;0|0px|0px|0px||&#8220; make_fullwidth=&#8220;on&#8220; _i=&#8220;0&#8243; _address=&#8220;2.0&#8243;][et_pb_column type=&#8220;4_4&#8243; _builder_version=&#8220;3.25&#8243; custom_padding=&#8220;|||&#8220; custom_css_main_element=&#8220;padding: 50px;&#8220; custom_css_main=&#8220;padding: 50px;&#8220; _i=&#8220;0&#8243; _address=&#8220;2.0.0&#8243; custom_padding__hover=&#8220;|||&#8220;][et_pb_testimonial author=&#8220;Bent Branderup&#8220; quote_icon_color=&#8220;#fcbf2c&#8220; quote_icon_background_color=&#8220;#1f5472&#8243; _builder_version=&#8220;3.27.4&#8243; body_font=&#8220;|700|||||||&#8220; body_text_color=&#8220;#1f5472&#8243; body_font_size=&#8220;16px&#8220; author_font=&#8220;|700||||on|||&#8220; author_font_size=&#8220;17px&#8220; background_color=&#8220;rgba(252,191,44,0.71)&#8220; text_orientation=&#8220;center&#8220; custom_padding=&#8220;||23px|||&#8220; text_shadow_style=&#8220;preset1&#8243; text_shadow_color=&#8220;rgba(0,0,0,0)&#8220; _i=&#8220;0&#8243; _address=&#8220;2.0.0.0&#8243;]<\/p>\n<p>Am Anfang m\u00fcssen wir lernen, das Detail zu sehen. Dann m\u00fcssen wir lernen, die Gesamtheit zu sehen. Dann m\u00fcssen wir lernen, im Detail die Gesamtheit zu sehen.<\/p>\n<p>[\/et_pb_testimonial][et_pb_text quote_border_color=&#8220;#1f5472&#8243; _builder_version=&#8220;3.27.4&#8243; text_font=&#8220;||||||||&#8220; text_text_color=&#8220;#2d2d2c&#8220; text_font_size=&#8220;15px&#8220; quote_font=&#8220;|700|||||||&#8220; quote_text_align=&#8220;left&#8220; quote_text_color=&#8220;#fcbf2c&#8220; header_font=&#8220;Lato|||on|||||&#8220; header_text_color=&#8220;#2d2d2c&#8220; background_layout=&#8220;dark&#8220; custom_margin=&#8220;||-35px|||&#8220; custom_padding=&#8220;||21px|||&#8220; _i=&#8220;1&#8243; _address=&#8220;2.0.0.1&#8243;]<\/p>\n<blockquote><\/blockquote>\n<p class=\"aLF-aPX-K0-aPE\" style=\"text-align: left;\">Hier erfahren Sie mehr \u00fcber unser vielf\u00e4ltiges Reitangebot.<\/p>\n<p class=\"aLF-aPX-K0-aPE\" style=\"text-align: left;\">Der Unterricht findet je nach Art der Einheit auf dem\u00a0<strong>Reitplatz<\/strong>, in der\u00a0<strong>Rundhalle<\/strong> oder im <strong>Freigel\u00e4nde<\/strong> statt.<\/p>\n<p class=\"aLF-aPX-K0-aPE\" style=\"text-align: left;\">Preise entnehmen Sie gern unserer Preistabelle. Wenn Sie mehr Informationen zum Angebot ben\u00f6tigen, oder eine spezielle Anfrage bez\u00fcglich unserer Preise hast, melden Sie sich bei uns!<\/p>\n<p>[\/et_pb_text][\/et_pb_column][\/et_pb_row][et_pb_row column_structure=&#8220;1_2,1_2&#8243; _builder_version=&#8220;3.27.4&#8243; custom_padding=&#8220;1px|||||&#8220; _i=&#8220;1&#8243; _address=&#8220;2.1&#8243;][et_pb_column type=&#8220;1_2&#8243; _builder_version=&#8220;3.27.4&#8243; _i=&#8220;0&#8243; _address=&#8220;2.1.0&#8243;][et_pb_button button_url=&#8220;@ET-DC@eyJkeW5hbWljIjp0cnVlLCJjb250ZW50IjoicG9zdF9saW5rX3VybF9wYWdlIiwic2V0dGluZ3MiOnsicG9zdF9pZCI6IjMwOCJ9fQ==@&#8220; button_text=&#8220;Kontakt&#8220; button_alignment=&#8220;center&#8220; disabled_on=&#8220;off|off|off&#8220; _builder_version=&#8220;3.27.4&#8243; _dynamic_attributes=&#8220;button_url&#8220; custom_button=&#8220;on&#8220; button_text_color=&#8220;#fcbf2c&#8220; button_bg_color=&#8220;#1f5472&#8243; locked=&#8220;off&#8220; _i=&#8220;0&#8243; _address=&#8220;2.1.0.0&#8243; button_bg_enable_color=&#8220;on&#8220;][\/et_pb_button][\/et_pb_column][et_pb_column type=&#8220;1_2&#8243; _builder_version=&#8220;3.27.4&#8243; _i=&#8220;1&#8243; _address=&#8220;2.1.1&#8243;][et_pb_button button_url=&#8220;@ET-DC@eyJkeW5hbWljIjp0cnVlLCJjb250ZW50IjoicG9zdF9saW5rX3VybF9wYWdlIiwic2V0dGluZ3MiOnsicG9zdF9pZCI6IjM4MSJ9fQ==@&#8220; button_text=&#8220;Preise&#8220; button_alignment=&#8220;center&#8220; disabled_on=&#8220;off|off|off&#8220; _builder_version=&#8220;3.27.4&#8243; _dynamic_attributes=&#8220;button_url&#8220; custom_button=&#8220;on&#8220; button_text_color=&#8220;#fcbf2c&#8220; button_bg_color=&#8220;#1f5472&#8243; locked=&#8220;off&#8220; _i=&#8220;0&#8243; _address=&#8220;2.1.1.0&#8243; button_bg_enable_color=&#8220;on&#8220;][\/et_pb_button][\/et_pb_column][\/et_pb_row][\/et_pb_section][et_pb_section fb_built=&#8220;1&#8243; _builder_version=&#8220;3.27.4&#8243; custom_margin=&#8220;-51px|||||&#8220; fb_built=&#8220;1&#8243; _i=&#8220;3&#8243; _address=&#8220;3&#8243;][et_pb_row use_custom_gutter=&#8220;on&#8220; gutter_width=&#8220;1&#8243; _builder_version=&#8220;3.27.4&#8243; border_color_all=&#8220;rgba(0,0,0,0)&#8220; width=&#8220;100%&#8220; module_alignment=&#8220;center&#8220; custom_padding=&#8220;0px|||||&#8220; _i=&#8220;0&#8243; _address=&#8220;3.0&#8243;][et_pb_column type=&#8220;4_4&#8243; _builder_version=&#8220;3.27.4&#8243; _i=&#8220;0&#8243; _address=&#8220;3.0.0&#8243;][et_pb_accordion open_toggle_background_color=&#8220;rgba(0,0,0,0)&#8220; _builder_version=&#8220;3.27.4&#8243; border_color_all=&#8220;rgba(0,0,0,0)&#8220; custom_margin=&#8220;-18px|||||&#8220; _i=&#8220;0&#8243; _address=&#8220;3.0.0.0&#8243;][et_pb_accordion_item title=&#8220;Klassisch Barocke Reitweise&#8220; open=&#8220;off&#8220; open_toggle_text_color=&#8220;#fcbf2c&#8220; open_toggle_background_color=&#8220;rgba(0,0,0,0)&#8220; closed_toggle_text_color=&#8220;#2d2d2c&#8220; _builder_version=&#8220;3.27.4&#8243; body_text_color=&#8220;#2d2d2c&#8220; hover_enabled=&#8220;0&#8243; toggle_text_color=&#8220;#fcbf2c&#8220; toggle_font=&#8220;Lato|||on|||||&#8220; toggle_font_size=&#8220;19px&#8220; _i=&#8220;0&#8243; _address=&#8220;3.0.0.0.0&#8243;]<\/p>\n<p><span>Die klassisch barocke Reitweise ist f\u00fcr alle Reitweisen und Pferde geeignet und verhilft Reitern zu einem partnerschaftlichen Verh\u00e4ltnis zu ihrem Pferd.<\/span><\/p>\n<p><span>Der ausbalancierte Reitsitz und das harmonisch in der Bewegung mitschwingende Becken stehen bei uns im Zentrum. Auch mit fortgeschrittenen Reitern erarbeiten wir gerne\u00a0<\/span><span style=\"font-size: 14px;\">h\u00f6here Lektionen wie z.B. die Piaffe.<\/span><\/p>\n<p><span>Reiten ist Gelassenheit, Balance, K\u00f6rpersprache, Impulse, bewusstes Verstehen und der Einsatz von gut koordinierten Hilfen.<\/span><\/p>\n<p>[\/et_pb_accordion_item][et_pb_accordion_item title=&#8220;UNTERRICHT F\u00dcR REITANF\u00c4NGER UND WIEDEREINSTEIGER&#8220; open_toggle_text_color=&#8220;#fcbf2c&#8220; closed_toggle_text_color=&#8220;#2d2d2c&#8220; _builder_version=&#8220;3.27.4&#8243; body_text_color=&#8220;#2d2d2c&#8220; hover_enabled=&#8220;0&#8243; toggle_text_color=&#8220;#fcbf2c&#8220; toggle_font=&#8220;Lato|||on|||||&#8220; toggle_font_size=&#8220;19px&#8220; _i=&#8220;1&#8243; _address=&#8220;3.0.0.0.1&#8243; open=&#8220;off&#8220;]<\/p>\n<p><span>Neben unserer Vielzahl an M\u00f6glichkeiten, die wir rund um das Pferd bieten, k\u00f6nnen Sie bei uns altersunabh\u00e4ngig reiten lernen.<\/span><\/p>\n<p><span>Dabei werden Sie auf unserem Reitplatz in einem gesicherten Rahmen an das Pferd herangef\u00fchrt oder erkunden gef\u00fchrt bei einem Ausritt\u00a0<\/span><span style=\"font-size: 14px;\">die wundersch\u00f6ne Gegend in Oberh\u00f6fen zu Pferd.<\/span><\/p>\n<p>[\/et_pb_accordion_item][et_pb_accordion_item title=&#8220;F\u00dcR KINDER &#038; JUGENDLICHE&#8220; open_toggle_text_color=&#8220;#fcbf2c&#8220; closed_toggle_text_color=&#8220;#2d2d2c&#8220; _builder_version=&#8220;3.27.4&#8243; body_text_color=&#8220;#2d2d2c&#8220; hover_enabled=&#8220;0&#8243; toggle_text_color=&#8220;#fcbf2c&#8220; toggle_font=&#8220;Lato|||on|||||&#8220; toggle_font_size=&#8220;19px&#8220; _i=&#8220;2&#8243; _address=&#8220;3.0.0.0.2&#8243; open=&#8220;off&#8220;]<\/p>\n<p><span>Bei uns lernen Kinder reiten und den vertrauten, sicheren Umgang mit dem Pferd oder Pony. Dazu geh\u00f6rt das Kennenlernen des Lebensraumes, der Haltung und der Pflege der Tiere, sowie die Vermittlung von theoretischem Wissen.<\/span><\/p>\n<p><span>Regelm\u00e4\u00dfig finden Veranstaltungen wie Ferienfreizeiten, ein Tag auf dem Pferdehof, Ausfl\u00fcge in den Wald und \u00dcbernachtungen im Stall mit viel Spiel, Spa\u00df und Spannung statt.<\/span><\/p>\n<p><span>Aktuelle Termine finden Sie unter Seminare \/ Termine.<\/span><\/p>\n<p>[\/et_pb_accordion_item][et_pb_accordion_item title=&#8220;SITZSCHULUNG&#8220; open_toggle_text_color=&#8220;#fcbf2c&#8220; closed_toggle_text_color=&#8220;#2d2d2c&#8220; _builder_version=&#8220;3.27.4&#8243; body_text_color=&#8220;#2d2d2c&#8220; hover_enabled=&#8220;0&#8243; toggle_text_color=&#8220;#fcbf2c&#8220; toggle_font=&#8220;Lato|||on|||||&#8220; toggle_font_size=&#8220;19px&#8220; _i=&#8220;3&#8243; _address=&#8220;3.0.0.0.3&#8243; open=&#8220;on&#8220;]<\/p>\n<blockquote>\n<p>Die Qualit\u00e4t des Sitzes bestimmt, ob man von Reiten sprechen kann, oder ob das Pferd einfach mit der auf seinem R\u00fccken befindliche Last fertig werden muss.<span style=\"font-size: 14px;\">\u00a0<\/span><\/p>\n<p style=\"text-align: right;\"><em>&#8211; Kurt Albrecht\u00a0<\/em><\/p>\n<\/blockquote>\n<p><span>Der reiterliche, von der Hand unabh\u00e4ngige Sitz und das harmonisch in der Bewegung mitschwingende Becken stehen bei uns im Zentrum. Ein ausbalancierter Sitz ist die Grundlage f\u00fcr gutes, harmonisches Reiten. Dazu ben\u00f6tigt der Reiter Balance, Losgelassenheit, Koordination, K\u00f6rperwahrnehmung und Konzentration. <\/span><\/p>\n<p><span>Sie werden verbl\u00fcfft sein, welche Auswirkung auf Ihren Reitsitz die H\u00f6he Ihrer Nase oder das Absinken Ihrer Schulter hat.<\/span><\/p>\n<p>[\/et_pb_accordion_item][\/et_pb_accordion][\/et_pb_column][\/et_pb_row][\/et_pb_section][et_pb_section fb_built=&#8220;1&#8243; _builder_version=&#8220;3.27.4&#8243; background_color=&#8220;rgba(0,72,114,0.68)&#8220; background_image=&#8220;http:\/\/therapie-und-reiten.de\/wp-content\/uploads\/2019\/12\/IMG-20190213-WA0017.jpg&#8220; parallax=&#8220;on&#8220; fb_built=&#8220;1&#8243; _i=&#8220;4&#8243; _address=&#8220;4&#8243;][et_pb_row _builder_version=&#8220;3.27.4&#8243; _i=&#8220;0&#8243; _address=&#8220;4.0&#8243;][et_pb_column type=&#8220;4_4&#8243; _builder_version=&#8220;3.27.4&#8243; _i=&#8220;0&#8243; _address=&#8220;4.0.0&#8243;][et_pb_testimonial author=&#8220;Lucia&#8220; quote_icon_color=&#8220;#fcbf2c&#8220; quote_icon_background_color=&#8220;#1f5472&#8243; _builder_version=&#8220;3.27.4&#8243; body_font_size=&#8220;15px&#8220; author_font=&#8220;|700||||on|||&#8220; author_text_align=&#8220;center&#8220; author_text_color=&#8220;#2d2d2c&#8220; author_font_size=&#8220;16px&#8220; background_color=&#8220;rgba(245,245,245,0.52)&#8220; custom_padding=&#8220;||15px|||&#8220; _i=&#8220;0&#8243; _address=&#8220;4.0.0.0&#8243;]<\/p>\n<p style=\"text-align: center;\"><span color=\"#2d2d2c\" size=\"4\" style=\"color: #2d2d2c; font-size: large;\">Liebe Bea, in den wenigen Stunden, die ich bisher bei dir hatte, konnte ich jedes Mal sooo viel mitnehmen! Alte Bewegungsmuster haben sich bei mir so sehr eingebrannt, dass ich mir diese immer wieder bewusste werde und dann korrigieren muss. Dein Unterricht basiert auf gegenseitigem Respekt und Herzlichkeit, auch der Spa\u00df kommt nicht zu kurz dabei. Du holst Pferd und Reiter dort ab, wo sie stehen und gehst individuell und geduldig, ohne wertend zu sein auf das Pferd-Reiter-Paar ein. Du lehrst deinen Sch\u00fclern K\u00f6rpersprache, Pr\u00e4senz, innere Haltung und konsequentes Handeln, was mir im Umgang mit meinen doch manchmal etwas r\u00fcpelhaft-dominanten Pferdchen viel hilft. Weitere Schlagw\u00f6rter, die mir bez\u00fcglich deines Unterrichts einfallen sind Freude, Engagement, Achtsamkeit, Aufmerksamkeitsfokussierung, Feinf\u00fchligkeit, Ruhe, Energie und Impulsion. Du zeigst mir Wege zu einer feineren Kommunikation mit meinem Pferd auf. Uns gef\u00e4llt deine direkte, charmante Art, Fehler deiner Sch\u00fcler aufzuzeigen. Dein Unterricht fordert und f\u00f6rdert, ohne zu \u00fcberfordern, was aus meiner Sicht vor allem bei Kindern sehr wichtig ist. So f\u00e4llt mir das so wichtige Loslassen und Ins-f\u00fchlen-kommen sowohl auf k\u00f6rperlicher als auch auf mentaler Ebene sehr schwer. Geduldig hilfst du mir, schrittweise in jeder Stunde der Losgelassenheit in allen K\u00f6rperteilen etwas n\u00e4her zu kommen und das Erstaunlichste, es ist meinem Pferd immer sofort anzumerken. Es ist ein Rundumpaket \u00fcber Bodenarbeit, Handarbeit, Sitzlongen, Kommunikation, Pferdeverhalten , Theorie, Beratung zu Equipment, etc. bis hin zu hohen Dressurlektionen, wenn man denn bereits die Grundlagen beherrschen w\u00fcrde. Ich war lange nach der Suche nach einem ganzheitlichen, pferdegerechten und gesunderhaltenden Reitunterricht. Endlich bin ich f\u00fcndig geworden!<\/span><\/p>\n<p>[\/et_pb_testimonial][\/et_pb_column][\/et_pb_row][\/et_pb_section]<\/p>\n","protected":false},"excerpt":{"rendered":"<p>[et_pb_section fb_built=&#8220;1&#8243; _builder_version=&#8220;3.27.4&#8243; background_color=&#8220;rgba(0,72,114,0.68)&#8220; background_image=&#8220;http:\/\/therapie-und-reiten.de\/wp-content\/uploads\/2020\/02\/200202_Banner_1920x150_kleiner_40prozent-GOLD.jpg&#8220; parallax=&#8220;on&#8220; max_height=&#8220;200px&#8220; custom_padding=&#8220;0px||9px|||&#8220; fb_built=&#8220;1&#8243; _i=&#8220;0&#8243; _address=&#8220;0&#8243;][et_pb_row _builder_version=&#8220;3.27.4&#8243; min_height=&#8220;109px&#8220; custom_padding=&#8220;31px||20px|||&#8220; _i=&#8220;0&#8243; _address=&#8220;0.0&#8243;][et_pb_column type=&#8220;4_4&#8243; _builder_version=&#8220;3.27.4&#8243; _i=&#8220;0&#8243; _address=&#8220;0.0.0&#8243;][et_pb_text _builder_version=&#8220;3.27.4&#8243; text_font=&#8220;|700||on|||||&#8220; text_text_color=&#8220;#2d2d2c&#8220; text_font_size=&#8220;30px&#8220; text_line_height=&#8220;1.75em&#8220; background_color=&#8220;#1f5472&#8243; border_width_all=&#8220;1px&#8220; border_color_all=&#8220;#fcbf2c&#8220; width=&#8220;90%&#8220; module_alignment=&#8220;center&#8220; [&hellip;]<\/p>\n","protected":false},"author":1,"featured_media":0,"parent":0,"menu_order":0,"comment_status":"closed","ping_status":"closed","template":"","meta":{"_et_pb_use_builder":"on","_et_pb_old_content":"","_expiration-date-status":"","_expiration-date":0,"_expiration-date-type":"","_expiration-date-categories":[],"_expiration-date-options":[]},"_links":{"self":[{"href":"https:\/\/therapie-und-reiten.de\/index.php?rest_route=\/wp\/v2\/pages\/454"}],"collection":[{"href":"https:\/\/therapie-und-reiten.de\/index.php?rest_route=\/wp\/v2\/pages"}],"about":[{"href":"https:\/\/therapie-und-reiten.de\/index.php?rest_route=\/wp\/v2\/types\/page"}],"author":[{"embeddable":true,"href":"https:\/\/therapie-und-reiten.de\/index.php?rest_route=\/wp\/v2\/users\/1"}],"replies":[{"embeddable":true,"href":"https:\/\/therapie-und-reiten.de\/index.php?rest_route=%2Fwp%2Fv2%2Fcomments&post=454"}],"version-history":[{"count":26,"href":"https:\/\/therapie-und-reiten.de\/index.php?rest_route=\/wp\/v2\/pages\/454\/revisions"}],"predecessor-version":[{"id":1080,"href":"https:\/\/therapie-und-reiten.de\/index.php?rest_route=\/wp\/v2\/pages\/454\/revisions\/1080"}],"wp:attachment":[{"href":"https:\/\/therapie-und-reiten.de\/index.php?rest_route=%2Fwp%2Fv2%2Fmedia&parent=454"}],"curies":[{"name":"wp","href":"https:\/\/api.w.org\/{rel}","templated":true}]}}