{"id":1121,"date":"2020-02-09T14:36:38","date_gmt":"2020-02-09T13:36:38","guid":{"rendered":"http:\/\/therapie-und-reiten.de\/?post_type=tribe_events&#038;p=1121"},"modified":"2020-02-09T16:31:32","modified_gmt":"2020-02-09T15:31:32","slug":"sitzschulung-dein-sitz-im-fokus","status":"publish","type":"tribe_events","link":"http:\/\/therapie-und-reiten.de\/?tribe_events=sitzschulung-dein-sitz-im-fokus","title":{"rendered":"Sitzschulung &#8211; Dein Sitz im Fokus"},"content":{"rendered":"<p>[et_pb_section fb_built=&#8220;1&#8243; _builder_version=&#8220;3.22&#8243; fb_built=&#8220;1&#8243; _i=&#8220;0&#8243; _address=&#8220;0&#8243;][et_pb_row _builder_version=&#8220;3.25&#8243; background_size=&#8220;initial&#8220; background_position=&#8220;top_left&#8220; background_repeat=&#8220;repeat&#8220; _i=&#8220;0&#8243; _address=&#8220;0.0&#8243;][et_pb_column type=&#8220;4_4&#8243; _builder_version=&#8220;3.25&#8243; custom_padding=&#8220;|||&#8220; _i=&#8220;0&#8243; _address=&#8220;0.0.0&#8243; custom_padding__hover=&#8220;|||&#8220;][et_pb_text _builder_version=&#8220;3.27.4&#8243; background_size=&#8220;initial&#8220; background_position=&#8220;top_left&#8220; background_repeat=&#8220;repeat&#8220; _i=&#8220;0&#8243; _address=&#8220;0.0.0.0&#8243;]<\/p>\n<blockquote>\n<p>\u201eDie Qualit\u00e4t des Sitzes bestimmt, ob man von Reiten sprechen kann, oder ob das Pferd einfach mit der auf seinem R\u00fccken befindliche Last fertig werden mu\u00df.\u201c<\/p>\n<p>\u2013 <em>Kurt Albrecht<\/em><\/p>\n<\/blockquote>\n<p>Der reiterliche, von der Hand unabh\u00e4ngige Sitz und das harmonisch in der Bewegung mitschwingende Becken stehen bei diesem Sitzschulungsseminar im Zentrum. F\u00fcr Anf\u00e4nger Fortgeschrittene Reiter und f\u00fcr alt und jung. Ich freue mich auf Sie!<\/p>\n<p>Es stehen eine Rundhalle und ein Reitplatz zur Verf\u00fcgung.<br \/>Bestens ausgebildete Pferde erwarten Sie.<\/p>\n<p>Bitte wetterentsprechende Kleidung, festes Schuhwerk und Handschuhe mitbringen.<\/p>\n<p>Begrenzte Teilnehmerzahl<\/p>\n<p>Anmeldung bis\u00a0<strong>28. Februar 2020\u00a0<\/strong>erbeten<\/p>\n<p>[\/et_pb_text][et_pb_button button_url=&#8220;@ET-DC@eyJkeW5hbWljIjp0cnVlLCJjb250ZW50IjoicG9zdF9saW5rX3VybF9wYWdlIiwic2V0dGluZ3MiOnsicG9zdF9pZCI6IjMwOCJ9fQ==@&#8220; button_text=&#8220;Anmelden&#8220; button_alignment=&#8220;center&#8220; _builder_version=&#8220;3.27.4&#8243; _dynamic_attributes=&#8220;button_url&#8220; custom_button=&#8220;on&#8220; button_bg_color=&#8220;#1f5472&#8243; button_bg_enable_color=&#8220;on&#8220; _i=&#8220;1&#8243; _address=&#8220;0.0.0.1&#8243;][\/et_pb_button][\/et_pb_column][\/et_pb_row][\/et_pb_section]<\/p>\n","protected":false},"excerpt":{"rendered":"<p>[et_pb_section fb_built=&#8220;1&#8243; _builder_version=&#8220;3.22&#8243; fb_built=&#8220;1&#8243; _i=&#8220;0&#8243; _address=&#8220;0&#8243;][et_pb_row _builder_version=&#8220;3.25&#8243; background_size=&#8220;initial&#8220; background_position=&#8220;top_left&#8220; background_repeat=&#8220;repeat&#8220; _i=&#8220;0&#8243; _address=&#8220;0.0&#8243;][et_pb_column type=&#8220;4_4&#8243; _builder_version=&#8220;3.25&#8243; custom_padding=&#8220;|||&#8220; _i=&#8220;0&#8243; _address=&#8220;0.0.0&#8243; custom_padding__hover=&#8220;|||&#8220;][et_pb_text _builder_version=&#8220;3.27.4&#8243; background_size=&#8220;initial&#8220; background_position=&#8220;top_left&#8220; background_repeat=&#8220;repeat&#8220; _i=&#8220;0&#8243; _address=&#8220;0.0.0.0&#8243;] \u201eDie Qualit\u00e4t des Sitzes bestimmt, ob [&hellip;]<\/p>\n","protected":false},"author":1,"featured_media":1170,"comment_status":"open","ping_status":"closed","template":"","meta":{"_et_pb_use_builder":"on","_et_pb_old_content":"<p><strong>SITZSCHULUNG \u2013 DEIN SITZ IM FOKUS<\/strong><\/p><blockquote><p>\u201eDie Qualit\u00e4t des Sitzes bestimmt, ob man von Reiten sprechen kann, oder ob das Pferd einfach mit der auf seinem R\u00fccken befindliche Last fertig werden mu\u00df.\u201c<\/p><p>\u00a0\u2013 <em>Kurt Albrecht<\/em><\/p><\/blockquote><p>Der reiterliche, von der Hand unabh\u00e4ngige Sitz und das harmonisch in der Bewegung mitschwingende Becken stehen bei diesem Sitzschulungsseminar im Zentrum. F\u00fcr Anf\u00e4nger Fortgeschrittene Reiter und f\u00fcr alt und jung. Ich freue mich auf Sie!<\/p><p>Es stehen eine Rundhalle und ein Reitplatz zur Verf\u00fcgung.<br \/>Bestens ausgebildete Pferde erwarten Sie.<\/p><p>Bitte wetterentsprechende Kleidung, festes Schuhwerk und Handschuhe mitbringen.<\/p><p>Begrenzte Teilnehmerzahl<\/p><p>Anmeldung bis\u00a0<strong>28. Februar 2020\u00a0<\/strong>erbeten<\/p><p><strong>Preis: 85,00 Euro<\/strong><\/p>","_tribe_events_status":"","_tribe_events_status_reason":"","_expiration-date-status":"saved","_expiration-date":0,"_expiration-date-type":"","_expiration-date-categories":[],"_expiration-date-options":[]},"tags":[17,19,18,16,15,14,20],"tribe_events_cat":[],"_links":{"self":[{"href":"http:\/\/therapie-und-reiten.de\/index.php?rest_route=\/wp\/v2\/tribe_events\/1121"}],"collection":[{"href":"http:\/\/therapie-und-reiten.de\/index.php?rest_route=\/wp\/v2\/tribe_events"}],"about":[{"href":"http:\/\/therapie-und-reiten.de\/index.php?rest_route=\/wp\/v2\/types\/tribe_events"}],"author":[{"embeddable":true,"href":"http:\/\/therapie-und-reiten.de\/index.php?rest_route=\/wp\/v2\/users\/1"}],"replies":[{"embeddable":true,"href":"http:\/\/therapie-und-reiten.de\/index.php?rest_route=%2Fwp%2Fv2%2Fcomments&post=1121"}],"version-history":[{"count":8,"href":"http:\/\/therapie-und-reiten.de\/index.php?rest_route=\/wp\/v2\/tribe_events\/1121\/revisions"}],"predecessor-version":[{"id":1172,"href":"http:\/\/therapie-und-reiten.de\/index.php?rest_route=\/wp\/v2\/tribe_events\/1121\/revisions\/1172"}],"wp:featuredmedia":[{"embeddable":true,"href":"http:\/\/therapie-und-reiten.de\/index.php?rest_route=\/wp\/v2\/media\/1170"}],"wp:attachment":[{"href":"http:\/\/therapie-und-reiten.de\/index.php?rest_route=%2Fwp%2Fv2%2Fmedia&parent=1121"}],"wp:term":[{"taxonomy":"post_tag","embeddable":true,"href":"http:\/\/therapie-und-reiten.de\/index.php?rest_route=%2Fwp%2Fv2%2Ftags&post=1121"},{"taxonomy":"tribe_events_cat","embeddable":true,"href":"http:\/\/therapie-und-reiten.de\/index.php?rest_route=%2Fwp%2Fv2%2Ftribe_events_cat&post=1121"}],"curies":[{"name":"wp","href":"https:\/\/api.w.org\/{rel}","templated":true}]}}

<p>[et_pb_section fb_built=&#8220;1&#8243; _builder_version=&#8220;3.22&#8243; fb_built=&#8220;1&#8243; _i=&#8220;0&#8243; _address=&#8220;0&#8243;][et_pb_row _builder_version=&#8220;3.25&#8243; background_size=&#8220;initial&#8220; background_position=&#8220;top_left&#8220; background_repeat=&#8220;repeat&#8220; _i=&#8220;0&#8243; _address=&#8220;0.0&#8243;][et_pb_column type=&#8220;4_4&#8243; _builder_version=&#8220;3.25&#8243; custom_padding=&#8220;|||&#8220; _i=&#8220;0&#8243; _address=&#8220;0.0.0&#8243; custom_padding__hover=&#8220;|||&#8220;][et_pb_text _builder_version=&#8220;3.27.4&#8243; background_size=&#8220;initial&#8220; background_position=&#8220;top_left&#8220; background_repeat=&#8220;repeat&#8220; _i=&#8220;0&#8243; _address=&#8220;0.0.0.0&#8243;]</p>
<blockquote>
<p>„Die Qualität des Sitzes bestimmt, ob man von Reiten sprechen kann, oder ob das Pferd einfach mit der auf seinem Rücken befindliche Last fertig werden muß.“</p>
<p>– <em>Kurt Albrecht</em></p>
</blockquote>
<p>Der reiterliche, von der Hand unabhängige Sitz und das harmonisch in der Bewegung mitschwingende Becken stehen bei diesem Sitzschulungsseminar im Zentrum. Für Anfänger Fortgeschrittene Reiter und für alt und jung. Ich freue mich auf Sie!</p>
<p>Es stehen eine Rundhalle und ein Reitplatz zur Verfügung.<br />Bestens ausgebildete Pferde erwarten Sie.</p>
<p>Bitte wetterentsprechende Kleidung, festes Schuhwerk und Handschuhe mitbringen.</p>
<p>Begrenzte Teilnehmerzahl</p>
<p>Anmeldung bis <strong>28. Februar 2020 </strong>erbeten</p>
<p>[/et_pb_text][et_pb_button button_url=&#8220;@ET-DC@eyJkeW5hbWljIjp0cnVlLCJjb250ZW50IjoicG9zdF9saW5rX3VybF9wYWdlIiwic2V0dGluZ3MiOnsicG9zdF9pZCI6IjMwOCJ9fQ==@&#8220; button_text=&#8220;Anmelden&#8220; button_alignment=&#8220;center&#8220; _builder_version=&#8220;3.27.4&#8243; _dynamic_attributes=&#8220;button_url&#8220; custom_button=&#8220;on&#8220; button_bg_color=&#8220;#1f5472&#8243; button_bg_enable_color=&#8220;on&#8220; _i=&#8220;1&#8243; _address=&#8220;0.0.0.1&#8243;][/et_pb_button][/et_pb_column][/et_pb_row][/et_pb_section]</p>

<p>[et_pb_section fb_built=&#8220;1&#8243; _builder_version=&#8220;3.22&#8243; fb_built=&#8220;1&#8243; _i=&#8220;0&#8243; _address=&#8220;0&#8243;][et_pb_row _builder_version=&#8220;3.25&#8243; background_size=&#8220;initial&#8220; background_position=&#8220;top_left&#8220; background_repeat=&#8220;repeat&#8220; _i=&#8220;0&#8243; _address=&#8220;0.0&#8243;][et_pb_column type=&#8220;4_4&#8243; _builder_version=&#8220;3.25&#8243; custom_padding=&#8220;|||&#8220; _i=&#8220;0&#8243; _address=&#8220;0.0.0&#8243; custom_padding__hover=&#8220;|||&#8220;][et_pb_text _builder_version=&#8220;3.27.4&#8243; background_size=&#8220;initial&#8220; background_position=&#8220;top_left&#8220; background_repeat=&#8220;repeat&#8220; _i=&#8220;0&#8243; _address=&#8220;0.0.0.0&#8243;] „Die Qualität des Sitzes bestimmt, ob [&hellip;]</p>

<p><strong>SITZSCHULUNG – DEIN SITZ IM FOKUS</strong></p><blockquote><p>„Die Qualität des Sitzes bestimmt, ob man von Reiten sprechen kann, oder ob das Pferd einfach mit der auf seinem Rücken befindliche Last fertig werden muß.“</p><p> – <em>Kurt Albrecht</em></p></blockquote><p>Der reiterliche, von der Hand unabhängige Sitz und das harmonisch in der Bewegung mitschwingende Becken stehen bei diesem Sitzschulungsseminar im Zentrum. Für Anfänger Fortgeschrittene Reiter und für alt und jung. Ich freue mich auf Sie!</p><p>Es stehen eine Rundhalle und ein Reitplatz zur Verfügung.<br />Bestens ausgebildete Pferde erwarten Sie.</p><p>Bitte wetterentsprechende Kleidung, festes Schuhwerk und Handschuhe mitbringen.</p><p>Begrenzte Teilnehmerzahl</p><p>Anmeldung bis <strong>28. Februar 2020 </strong>erbeten</p><p><strong>Preis: 85,00 Euro</strong></p>
